 (-44 - -97))
38
What is ((28 - 17) + -16 + -11 - -30) + -20?
-6
3236 + -3271 + (2 - 7) + 33
-7
Evaluate -16 - (28 + 34 + -49).
-29
Calculate 128 - (114 - 36) - 7.
43
Evaluate 39 - -56 - (14 - -40).
41
What is 80 + 44 + -63 + -90?
-29
What is the value of -13 + (-7 - -4 - -2 - 31 - -13)?
-32
Calculate (6 - (60 + (5 - 3))) + -6.
-62
(-22 - ((21 + -42 - -2) + -14)) + 51
62
What is (-29 + 56 - (1 - -19) - 14) + 11?
4
Calculate (-10 + 9 + -6 + 8 + -3 - -2) + -38.
-38
(-109 - 26) + 195 - (1 - (1 - (1 + 12)))
47
Calculate (-1 - 6) + 2 + (11 - (16 - 8 - -9)).
-11
What is the value of (136 - 79) + -78 - (6 - -19)?
-46
Calculate -14 - (-4 - (19 + 28 + -35)).
2
Evaluate 9 - (29 + (-2 + 17 - (0 + 14))).
-21
Calculate -143 + (29 - -81) - (8 - 1 - (-5 - -3)).
-42
Calculate 32 - (3 - (3 - (21 + 2 + -20))).
29
Calculate (0 + (-3 - 0) - 0) + (-126 - (34 - 121)).
-42
-44 + 67 + (5 - 50) + 3
-19
What is the value of 7 + 1 + -4 + (-33 - -4) + 7?
-18
Evaluate 0 - (14 + (-4 - -1 - 16)).
5
What is 38 + -1 + 1741 + -1767 + -24?
-13
Calculate (3 - (3 + 73)) + (-22 - (-26 + (17 - 2))).
-84
(-3 - (3 - (10 + 10 - -1))) + (-1 - -1)
15
3 - 1 - (33 + (-17 - 21 - -25))
-18
What is 3 + -13 + 4 + (121 - 6 - (-36 - -41))?
104
-102 + -10 + 22 + 10 - -6
-74
Evaluate (9 - 2) + (9 - (43 - (4 - 2))) + -7.
-32
What is the value of -38 + (6 - -19 - 15) + 4?
-24
What is (56 - (100 + -33)) + -1 + 58?
46
Evaluate 1 + 0 + 6 + -540 + 575.
42
-47 + -13 + 22 + 28 - 64
-74
What is the value of (-27 - 0) + -3 + (10 - 4) + (4 - 10)?
-30
What is the value of (1 - (15 - (-8 + 28) - 1)) + 1 + 49?
57
Calculate 52 + (143 - 78 - 92).
25
What is -25 + -2 + 518 + -450?
41
What is the value of -63 + (55 - 67 - -71)?
-4
What is -3 + 1 + 16 + 818 + -840?
-8
(-4 - (4 - 29) - 30) + 60 + 1
52
What is the value of -17 + -1 - (5144 + -5129)?
-33
Calculate 14 + -30 + -20 - -38.
2
Evaluate -10 - (7 + (-6 - -3) + -4 + 27).
-37
What is the value of 62 - 152 - (-51 - -1)?
-40
Calculate -71 + 209 - (19 - -34).
85
Calculate 0 + (0 - -6 - 6) + 21 + 8 + -96.
-67
What is 65 + -10 + -25 - 26?
4
Calculate -340 + 310 - (1 + -79).
48
What is 17 - ((17 - -21) + -28 - -77)?
-70
Calculate 68 + (4 - (-13 - (-32 - (-9 + 0)))).
62
Evaluate (0 + 2 - 8) + 1 - 4 - (126 - 124).
-11
What is the value of -115 + (-22 - -54) - -15?
-68
-154 + 165 - (-5 - (-29 - -1))
-12
-3 + -1 + -366 + 398 + 8
36
What is (-13 - -8 - -16 - 30) + -18?
-37
What is the value of (-15 - 10) + 19 + -35?
-41
Evaluate 38 + (-6 - (5 + 3 + -14 + 11)).
27
Calculate 1 + 0 + (4546 - 4497).
50
Evaluate -61 - (32 + -41 + 33 + -7).
-78
3 - (33 - (6 + 15)) - -31
22
What is the value of 16 + 6 + -3 + 6 + -139 + 128?
14
What is the value of 31 + -84 + 28 + 113?
88
Calculate -31 + -66 + 16 + 39.
-42
Evaluate 19 + 33 + (-12 - 30) + -27.
-17
Evaluate -28 + -64 - (-96 - 90).
94
-23 + -2 + -2 - (1166 + -1172)
-21
(-20 - 42) + 38 + 27 - 34
-31
What is the value of (11 + -12 - 6) + 25 + -51 - (16 + 0)?
-49
Evaluate 71 + (-89 - -66) + (22 - 1).
69
What is the value of 12 + -2 - (424 + -443)?
29
(768 - 785) + (2 + -6 - 8)
-29
What is the value of (-3 + -10 + 19 - 2) + 30 - 10?
24
What is the value of -11 + -2 - (35 - 58 - 83) - (15 - 1)?
79
Evaluate -8 + 40 - (-57 - -125) - -3.
-33
(14 - 0 - -3) + (-1 - (-12 - (-11 - -10)))
27
What is the value of (-1 - 5) + -5 - (-1101 - -1078)?
12
What is the value of (-38 - (195 - 245)) + (-2 - -35)?
45
(29 - 37 - 3) + (0 - 6) + 0 + 1
-16
Evaluate -30 + 69 + 24 - (-2 + 25).
40
134 + -102 + (-16 - 9)
7
Evaluate (-72 + 14 + 31 - 0) + 4 + 1.
-22
Evaluate -24 + 15 + 11 + (-27 - -21).
-4
Evaluate (153 - (49 - -3)) + (-33 - -1).
69
What is 0 - 1 - -114 - (-21 - -10)?
124
What is 0 + -3 - (-43 - 57) - (10 + -3) - 6?
84
What is (8 - 3 - -2) + (-11 - 1) + 2?
-3
15 + (1 - -10 - 32) + 5 + 6
5
Calculate -1 + (-10 - (5 + -3 + 0)) + (-178 - -181).
-10
What is (-17 - (-23 - 47)) + (0 - 8)?
45
What is -40 + (51 + -77 - -89)?
23
What is (-38 - (-27 - 30)) + 2 + 12?
33
Evaluate (-1 - 12) + (-17 - 0) + (-390 - -400).
-20
What is the value of (58 + -8 - (3 - 0)) + -63 + 163 + -107?
40
What is the value of -77 - -3 - ((5 - -2 - 1) + -18)?
-62
What is (-12 - (-16 - -5 - (-10 + 6))) + 5 - -80?
80
What is -44 + 31 + (-43 - -19 - -6)?
-31
What is -16 - (-8 + -4 + 5 + (80 - 109))?
20
Evaluate (287 - 279) + (90 - (-1 + 1)).
98
What is 9 + -93 + (95 - 17) + 1 + 3 + 0?
-2
What is the value of (-26 + 24 - (-1 + -7)) + 539 + -614?
-69
Evaluate 78 + -4 - ((-2 - (-10 - -13)) + (-4 - 0)).
83
Calculate -44 + 30 + (68 - (-8 - (-1 - 5))).
56
What is (79 - 15 - 30 - (10 + 0)) + (1 - 5)?
20
Evaluate 90 + (188 + -172 - (-7 + -2)) + -8.
107
What is the value of (-13 - (11 + (-12 - -14 - 11) - 58)) + 5?
48
Evaluate -67 - (-7 - (-14 - (-16 + 13 + -8))).
-63
Calculate 53 + -71 + -35 + 26.
-27
Evaluate 1582 + -1670 - (-3 + 6 - 33).
-58
What is -49 + (42 - (36 + -14)) + 104?
75
Calculate -43 + (-77 - (-17 + -43)).
-60
Calculate -66 - ((3 + 15 - (-30 - -35)) + -8 + 0).
-71
20 + -64 + 15 - -58
29
Calculate (-7 - -4) + 3 + (-42 - 0 - (7 + -1)).
-48
(-22 + -2 - (245 - 273)) + (-36 - 5)
-37
Calculate -390 + 450 + -5 + 8.
63
Calculate 3 + -43 + 20 + -22 + -11.
-53
(31 - -4) + -29 + -47
-41
Calculate (-2 + 14 - (26 - (7 + -7))) + -3.
-17
Evaluate 21 + (13 - ((-25 - -6) + 58)).
-5
What is the value of 20 + (103 - 91) + 12?
44
What is the value of (16 - 30) + (86 - 4) + 10 + -18?
60
Calculate -12 - (3 - -30 - 62).
17
Calculate -6 + -140 + 41 + 0.
-105
What is the value of (19 - -61) + (-508 - -488)?
60
What is the value of (50 - (45 + -47)) + -91?
-39
What is the value of (57 + -75 - (-8 + 1)) + 15?
4
154 + -171 + 59 + (-11 - -2)
33
What is the value of (-3 - -37) + (118 - 129) + -83?
-60
Evaluate -18 + (-10 - -6) - -16 - 38.
-44
-30 + 31 + (-8 - -1 - 43) - -7
-42
What is the value of (20 - 115) + (-15 - -95)?
-15
Calculate (-5 - 65) + 11 + 3 + 4 + (0 - 1).
-53
-110 - 65 - -134 - 19
-60
Evaluate -1 - -9 - (-28 - -22) - ((-26 - -15) + 76).
-51
What is the value of 1 - 32 - (337 + -317) - -11?
-40
What is 9 + -17 - -8 - (21 + -40)?
19
What is the value of (15 + -37 - -15) + (45 - (0 - -6))?
32
Evaluate -1065 + 1059 - (-3 + (-79 - 0)).
76
Calculate 32 - ((-25 - -1) + 36) - (14 - -6).
0
What is (-6148 - -6291) + (1 - 89)?
55
What is the value of 0 + 42 - (14 - 6 - 19 - (-12 + 0))?
41
What is 3 + 3 - (-49 + -3 + 6 + -13)?
65
Calculate 2 - 3 - (115 + -10 + -49) - 15.
-72
Calculate 19 + (4 + (17 - 90) + 3 - -6).
-41
What is the value of 0 - (-2 + -3 - -147) - (19 - (-25 + 49))?
-137
What is (-1 - (-14 + 20)) + (10 - 15)?
-12
Calculate 57 + -95 + -85 + 64.
-59
Calculate -6 + (-7 + (-12 - -12) - -10) + 1.
-2
Evaluate 144 + -145 + (7 - 6) - (-28 - -3).
25
-7 - (-11 + -10 + (-47 - 6) + 2 + -10)
75
Evaluate 107 + (-163 - 47) - -229.
126
Evaluate -32 - (-10 + -12 - (-5 + -23)).
-38
What is (-15 - -8) + 5 - (-39 + 66)?
-29
What is the value of 15034 + -15089 + -27 + -1?
-83
Evaluate -26 - 14 - (2 + -7 + 6) - 14.
-55
-2 + 33 - (-193 + 113 + 180)
-69
What is 8 - (1 - -2 - (-12 + 92 + -52) - 15)?
48
What is 110 + -53 + 0 + 9 + -6 + -4?
56
Evaluate (26 - (-4 - 0)) + 883 + -860.
53
Evaluate -2 + 12 + (-39 + 70 - -6).
47
What is 0 - 12 - (-92 + 86 + -120 + 1 + -7)?
120
Evaluate (46 - 16 - 66) + 33 + -110.
-113
Evaluate 4 + (-9 - (9 + 1) - -49).
34
Calculate -2 - 70 - (-2 + (18 - 36) + 31).
-83
What is the value of -6 + 11 + -108 + (7 - -2) - (-16 + 2)?
-80
What is the value of -43 + (32 - 16) + 15 + -1 + 6?
-7
Calculate -30 - (12 - ((-10 - -12) + -15) - 12).
-43
Calculate 39 - ((4 - 10) + (17 - (18 - 7)) + -10).
49
Calculate -40 + 8 + 11 + 29.
8
-11 - (-3 + (8 - (13 + 0)))
-3
What is 77 + (-24 - 22) - 0?
31
-33 + -91 + 128 - (4 - (0 + 2))
2
Calculate 13 + (-25 - (-52 - -79)).
-39
-91 + -11 - (-446 - -327)
17
What is 49 - (20 - (-3 - -21) - (7 - (0 + -4)))?
58
2 + 56 + -30 + -108
-80
(76 - -32) + -22 + -50
36
What is 41 + (-19 - (23 + 97))?
-98
Evaluate -8 - (35 + -28 + -3) - -75.
63
What is the value of -38 + 3 + 0 + (8 - (-7 - -25))?
-45
68 + -39 + (0 - -15)
44
What is the value of 1 - (-8 + (6 - 8)) - ((111 - -14) + 9)?
-123
What is the value of 60 - (-376 - -381 - (1 - 2))?
54
Evaluate -73 - ((-1 + (2 - 1) - 3) + -1374 + 1371).
-67
What is -240 - -253 - (-1 + 1 - (0 - 25))?
-12
Calculate 72 + -70 + (-18 - 19) 